592, -2 = -a. What are the prime factors of 2/(-7) - m/(-28)?
2
Let f(r) be the first derivative of 6*r**2 + r - 1. List the prime factors of f(1).
13
Let j = -31 - -13. List the prime factors of 70/9 + (-4)/j.
2
Let w(s) = -3*s. Let r(v) = -v - 4. Let f be r(-3). List the prime factors of w(f).
3
Suppose 0 = 3*t - 3. Let y = 9 - t. What are the prime factors of y?
2
Suppose -2*s + 11 = s - j, 3*s - 17 = -5*j. Suppose d + 42 = s*d. List the prime factors of 0 - (1 + 0 - d).
13
Suppose -k + 4*f + 8 = 0, -4*k + f = 32 - 4. List the prime factors of k/10*90/(-4).
2, 3
Let r be (14 - (-16)/(-4))/(-2). Let x = 14 + r. What are the prime factors of x?
3
Let a = -4 + 6. Suppose 3*c - 12 - 30 = 0. Suppose 0*m = a*m - c. List the prime factors of m.
7
Suppose -4*k - 77 = -3*s, -3*k + 4*k - 66 = -2*s. What are the prime factors of s?
31
Suppose 6*q - 3*q - 144 = 0. Suppose 12*y = 16*y - q. What are the prime factors of y?
2, 3
Suppose f - 54 = -q - 4*f, 3*q + 2*f = 201. What are the prime factors of q?
3, 23
Let s(j) = -j**3 + 8*j**2 - 3*j - 10. Let d be s(7). Suppose 5*l - 4*l = 3. Suppose -l*o = -0*o - d. List the prime factors of o.
2, 3
Let p(q) = -q - 5. Let r be p(-5). Let n = r - -15. List the prime factors of n.
3, 5
Suppose -2*m - 9 = m. Let k = 0 - m. Suppose -4*q = -k - 29. List the prime factors of q.
2
Let y be (4/(-3))/(10/(-15)). Let z be 50/8 + (-2)/8. Suppose -z = -4*v + y*v. What are the prime factors of v?
3
Suppose 13 = 4*l - 3. Suppose c - 10 = -l*c. List the prime factors of c.
2
List the prime factors of ((-5)/4 + 1)*-8 + 0.
2
Let v(x) = -x**2 - 3*x - 5. Let f be v(4). List the prime factors of 1/(32/f - -1).
3, 11
Suppose 0 = 16*v - 11*v - 10. What are the prime factors of v?
2
Let n(r) be the second derivative of -r**5/20 - r**4/3 - r**3/2 - 5*r**2/2 + 2*r. List the prime factors of n(-4).
7
Let c be (60/14)/(-5)*-7. Suppose -i + 13 = 4*z, 20 + 3 = 5*i - z. Suppose 0 = i*m - 24 - c. List the prime factors of m.
2, 3
Suppose m - s - 4 = 0, -5*s + 8 = -0*m + 2*m. Let t(a) = m*a**2 - 5*a**2 + 6*a**2 - a**3 + 1 - 2*a. List the prime factors of t(4).
3
Suppose -2*l = -l - 2. Let t(g) = -g**2 + 10*g + 7. Let v be t(7). Suppose 0 = 2*k + l*k - v. List the prime factors of k.
7
Suppose -4*q + 0 = -4. Let w be -2 + q*(2 + -2). Let o(j) = j**3 + 4*j**2 + 2*j - 1. List the prime factors of o(w).
3
Let p(i) = -i**3 + 3*i**2 + 4*i - 2. Let l be p(3). Let s = l - 3. What are the prime factors of s?
7
Suppose -3*o = l - 166, 0*l = -3*l + 12. What are the prime factors of o?
2, 3
List the prime factors of (-2)/4*(-184 - (7 + -15)).
2, 11
Suppose -3*m = 4*j - 5, 5*j = -2*m + 12 - 4. Suppose -3*y - 32 = 3*o - 5*o, -4*o + j*y + 48 = 0. Let c = 17 - o. List the prime factors of c.
7
Let i be (-2)/(-12) + (-125)/30. Let m(l) = -l**3 - 4*l**2 - 3*l - 5. List the prime factors of m(i).
7
Suppose -1 = q - 2*q, 5*q = 4*r - 19. List the prime factors of -2*17*(-3)/r.
17
Let c = 60 + -38. List the prime factors of c.
2, 11
Let p(f) = f**3 + 7*f**2 - 8*f + 1. Let n be p(-7). Let y = n + -41. What are the prime factors of y?
2
Let q(t) = t - 4. Let n be q(4). Let m be n - 0 - (0 - 4). Let y(r) = 3*r - 1. List the prime factors of y(m).
11
Suppose -4*m = 5*b - m + 1, -m - 1 = b. Let f be b + (-1 - 0) + 14. What are the prime factors of -1 + -1 + f - -1?
13
Let v = -17 - 9. Let f be -3*(v/3 + 0). Suppose -3*z + z = -f. What are the prime factors of z?
13
Suppose g = -0*l - l + 8, -24 = -2*l + 2*g. Let n be 12/l*(-25)/(-10). List the prime factors of (7 - 6) + 0 + n.
2
List the prime factors of (46/2)/(5/10).
2, 23
Let v(y) = -y**3 - 2*y**2 + 18*y + 16. What are the prime factors of v(-7)?
3, 5
Suppose f = -3*f - 8. Let x be (f + (-3 - -1))*17. What are the prime factors of (12/(-8))/(6/x)?
17
Let c(d) = 10*d**2 + 5*d + 1. Let n be c(-4). Suppose 5*v = n + 144. List the prime factors of v.
3, 19
Let o be 1/1 + 36 + 4. Suppose 0 = 2*z - f - 14, -3*f = -5*z - 2*f + o. List the prime factors of z.
3
Suppose -4*q + 31 = 3*w - 2*q, 3*w = -3*q + 33. What are the prime factors of w?
3
Suppose 5*u = 4*g - 77, 2*u + 20 = g - 0*u. List the prime factors of g.
2, 3
Let n(m) = -17*m**3 - m**2 - m - 1. Suppose 2*p + 1 = k, -5*k = -4*p + 3*p + 4. List the prime factors of n(p).
2
Let w = -6 - -8. Suppose -6 = -w*r + 8. What are the prime factors of r?
7
Let i(b) = b**3 - 5*b**2 + 5*b + 1. Let p be i(4). List the prime factors of -2*(-2 - -1) + p.
7
Suppose 3*s - 5*d - 16 = s, -d = -4. Suppose -3*c + s = 3, -5*x - 3*c = -65. List the prime factors of x.
2, 5
Let k be (-4)/8*-10*1. Let m = k + 7. What are the prime factors of m?
2, 3
Let p(i) = -2*i**3 + i**2 - 3*i + 10. What are the prime factors of p(-5)?
2, 3, 5
Let k(o) = -4*o**2 - 1 + o - 3*o + o + 5*o**2. Let s be k(-1). Suppose -u + w = -0*w + s, 0 = u - 2*w + 6. List the prime factors of u.
2
Let p = -12 - -15. Suppose p*c = 2*c + 16. What are the prime factors of c?
2
Suppose -f = f + 8, -4*f = 4*s + 88. Let p = -9 - 1. Let o = p - s. List the prime factors of o.
2
Let m be 237/(-27) + (-4)/18. Let x(t) = -t + 6. List the prime factors of x(m).
3, 5
Let q(a) = 2*a**3 + 14*a**2 + 9*a - 8. What are the prime factors of q(-6)?
2, 5
What are the prime factors of (-8)/((-4)/5 - (-518)/735)?
2, 3, 7
Let d(s) be the first derivative of 11*s**4/2 - s**2/2 - 2. Let h be d(1). Suppose 2*p + 2*z - 7 = z, p - 3*z = h. What are the prime factors of p?
2, 3
Suppose -103 = 5*n - 8. Let l(h) = -12*h**3 - 2*h**2 + h. Let r be l(1). Let j = r - n. What are the prime factors of j?
2, 3
What are the prime factors of 12 + 0/(-3) + -2?
2, 5
Suppose 9 = 2*h - 15. Suppose 0 = -0*n - 3*n - 21. Let d = h + n. What are the prime factors of d?
5
Let v(p) = -7*p + 1. List the prime factors of v(-2).
3, 5
Let i(w) = -w**2 - 8*w. Let s be i(-4). Suppose 120 = 3*f + f. Let v = f - s. List the prime factors of v.
2, 7
Suppose -2*p + 2*k + 56 = 0, -k = -3*k - 4. Let h = p - 12. What are the prime factors of h?
2, 7
List the prime factors of 30/195 - 256/(-26).
2, 5
Let x(f) = -f**3 + 3*f**2 + 5*f + 3. Let l be x(4). Let d be (-2)/6 - l/(-3). Suppose 0 = d*o - 6 + 2. What are the prime factors of o?
2
Let n be (-40)/(-22) + 4/22. Suppose k = -n + 4. What are the prime factors of ((-6)/10)/(k/(-10))?
3
Let o(g) = -g**2 - 10*g + 5. Let c be o(-6). Suppose -c = -2*w + 27. Suppose z + 5*s = -12, 7*s + w = z + 2*s. What are the prime factors of z?
2
Suppose -8*k + 20*k = 1476. List the prime factors of k.
3, 41
Let f(g) = 3*g**2 + 7 + 3*g + 3 + 5*g. List the prime factors of f(-4).
2, 13
Suppose 6*h = -7 + 289. What are the prime factors of h?
47
Let r = -39 + 57. List the prime factors of r.
2, 3
Let f(j) = 5*j**3 + j**2 - 2*j - 3. Let z(u) = 14*u**3 + 4*u**2 - 6*u - 9. Let b(i) = 17*f(i) - 6*z(i). What are the prime factors of b(7)?
17
Suppose -3*p + 2*p = -14. Suppose -5*n = -3*y + p, 3*y + 1 = 4*y + 2*n. List the prime factors of 7 - (-3 + -2 + y).
3
What are the prime factors of (-8 + 7)/(2/(-40))?
2, 5
Let d(q) = -3 + 0*q**2 + q**2 + 4*q + 2*q**2 - 8*q. Let g be d(-2). Let h = g - 3. List the prime factors of h.
2, 7
Let a = 19 - 11. Suppose -4 = -3*d + a. Suppose -d*t + 2*f + 40 = 0, 2*t - 2*f - 20 = -0*t. What are the prime factors of t?
2, 5
Let p(d) = -3*d - 2*d + 4*d - 2. Let u be p(-6). Suppose u*a + l - 33 = 0, 2*a + l = -l + 12. What are the prime factors of a?
3
Let n(h) be the third derivative of -h**4/6 - 7*h**3/6 - 4*h**2. What are the prime factors of n(-3)?
5
Let l(w) = 3*w**2 - 6*w + 4. List the prime factors of l(4).
2, 7
Suppose -4*g + 59 = -17. List the prime factors of g.
19
Let g be 4/(-14) + (-58)/(-7). Let f(d) = -4*d**2 - 3*d**2 - 7 - 6*d - 4*d**3 - 2 + 5*d**3. List the prime factors of f(g).
7
Let w(m) be the third derivative of -3*m**4/2 - m**3/3 - 4*m**2. What are the prime factors of w(-1)?
2, 17
Suppose s + 2*s = -5*v + 13, v + 4*s + 11 = 0. Suppose -v*g + 18 = l, 2*l + 0*g - 2*g - 84 = 0. List the prime factors of l.
2, 19
Let r = 35 - 4. What are the prime factors of r?
31
Let w(r) = r**3 + 10*r**2 + 7*r - 13. Let q(o) = -o**3 + o**2 + 2*o + 3. Let h be q(3). Let x be w(h). Suppose -17 = -x*u + 63. What are the prime factors of u?
2
What are the prime factors of ((-2)/(-6) - 0)*75?
5
Let t = -4 + 8. Suppose -2 = -t*